v(n) = -2 - 32*n + 31*n + 2 - o. Calculate v(-7).
-6
Let f be (-1)/(-4) - ((-723)/(-12) + 0). Let x = f + 67. Let v(o) = o - 8. What is v(x)?
-1
Let l(w) = -3*w + 2. Let d(u) = u**3 - u**2 - 9*u - 10. Suppose 38 = -8*z - 11*z. Let m be d(z). What is l(m)?
14
Let b(g) = 415*g + 2*g**2 + 28 + 12 - 363*g. Let i be b(-25). Let t(x) = 4*x + 44. Calculate t(i).
4
Let u(q) = 4 - 6 + 3*q + 10 - 4*q. Let l be 17 + (5/(-5) - 7). What is u(l)?
-1
Suppose -4*c = 5*p + c + 5, 2*p - 3*c = -27. Let h(w) be the third derivative of w**6/120 + w**5/10 - w**4/12 - 3*w**3/2 - 6*w**2 + 11. Determine h(p).
3
Let c(m) = m**3 + 8*m**2 - 6*m - 5*m**2 - 4 - 4 + 4. Suppose 4*v - 5 - 5 = -i, -3*v + 40 = 2*i. Suppose 3*n = 14 - i. What is c(n)?
4
Let u be (-125)/(-50) - (-2)/((-8)/(-6)). Suppose u*g - 21*t + 36 = -17*t, 26 = -2*g + 4*t. Let y(h) = -h**2 + 0 - h + 5 - 2*h. Determine y(g).
-5
Let i(y) = y**2 - 13*y + 17. Let x = -277 - -272. Let c be (-1 + (x - -7))/(-2)*-24. Give i(c).
5
Let x(u) be the second derivative of -16*u**3/3 - 9*u**2/2 + 3569*u. What is x(-3)?
87
Let r = 1 + -4. Let u(c) = 10*c**2 + 7*c + 1. Let x(y) = 54*y**2 + 37*y + 7. Let s(q) = -11*u(q) + 2*x(q). What is s(r)?
-6
Let w(f) be the second derivative of f**7/840 - f**6/180 + f**5/60 + 5*f**4/4 - f**2/2 - 78*f. Let z(b) be the third derivative of w(b). Calculate z(2).
6
Let g(m) = 8*m**2 + 18*m + 24. Let x(o) = -9*o**2 - 18*o - 22. Let j(q) = -8*g(q) - 7*x(q). Determine j(-7).
39
Let s(h) = 2*h**2 + 3*h + 8. Let l(b) = -6686 + 6687 + 5*b**2 - 3*b**2 - b. Let q(o) = 2*l(o) - s(o). Give q(3).
-3
Let n(b) be the third derivative of -b**5/60 - 3*b**4/4 - 47*b**3/6 + 978*b**2. What is n(-15)?
-2
Let g = 21 - 12. Suppose 0 = -3*z + 4*k + 2, 0 = 4*z + k - g. Let w(b) = -4*b + 6 + 0*b**2 - 3*b**2 + 2*b**z + 9*b. Determine w(6).
0
Suppose 243 + 11 = 38*k + 26. Let u(r) = -13*r + 33. Calculate u(k).
-45
Let n = -3823 - -3827. Let f(i) be the first derivative of 3*i**2/2 + i + 5. Calculate f(n).
13
Let i(w) = 3*w**3 + 11*w**2 - 9*w + 183. Let m(b) = 2*b**3 + 5*b**2 - 5*b + 91. Let t(j) = 3*i(j) - 5*m(j). Calculate t(9).
-5
Suppose -6*y + 4*w = -3*y + 14, 7*y = 5*w - 11. Let b(u) = -12*u + 41. Determine b(y).
17
Let u(f) = f**2 - 9*f - 117. Let q be u(16). Let d(v) = 3*v - 4. Let s be d(-4). Let k(b) = b + 1. Let z(h) = -20*h - 16. Let l(m) = s*k(m) - z(m). Give l(q).
-20
Let v be (-1 + (-27)/(-2))*(-432)/(-540). Suppose v*t = -15*t - 225. Let l(d) = -d**2 - 10*d - 11. Give l(t).
-2
Suppose -149 + 7 - 14 = -13*z. Let g(x) = -22*x + 265. Give g(z).
1
Let p(s) = -4*s + 9. Let w = 286 + -275. Give p(w).
-35
Let b(r) = 151*r**3 - 40*r**3 - 37*r**3 - 33*r**3 - 22 - 39*r**3 + 40*r**2 - 43*r. Calculate b(-21).
-1
Let s(y) be the third derivative of -y**6/120 - y**5/15 + y**4/12 + 5*y**3/6 - y**2. Suppose -203*h - 16 = -206*h + 4*m, 0 = -3*h + 5*m + 23. Give s(h).
-3
Let w(f) = f**3 - 217*f + 83*f + 52*f + 70*f + 46 - 35*f**2 + 77*f. What is w(33)?
13
Let k(b) be the second derivative of 0 + 1/6*b**3 - 28*b - 3*b**2. Determine k(-7).
-13
Let j(z) = -40*z - 175. Let t(p) = 7*p + 29. Let o(f) = -6*j(f) - 34*t(f). Let d be o(-33). Let v(m) = 6*m + 1. Determine v(d).
-11
Let w(m) = 28*m - 65. Suppose -64*g + 33*g = -27*g - 12. Determine w(g).
19
Let d(q) = q - 6. Let y(h) = 2*h - 11. Let x(w) = 5*d(w) - 3*y(w). Let k = 391 - 373. Let p be (-60)/18*3/(-45)*k. What is x(p)?
-1
Let j(m) be the third derivative of -m**5/60 - m**4/3 + 2*m**3/3 - m**2. Suppose -61*h - 127*h = -50*h + 1104. What is j(h)?
4
Let q(g) = -1 + 4*g**2 - 8*g - 12*g**2 - 5 + 6*g**2 + g**2. Let n(p) = -p**3 - 5*p**2 - 3*p + 4. Let i be n(-4). Suppose i = -2*l - 4 - 8. What is q(l)?
6
Let a(h) = 300*h - 3. Let c(o) = -45*o + 1. Let f(p) = a(p) + 7*c(p). What is f(0)?
4
Let z(q) = -2*q**2 - 6 - 3*q**2 + 3*q - 7*q + 9*q**2 + q**2. Calculate z(3).
27
Suppose 0 = -5*a + 75 - 10. Suppose 0 = -a*h + 16*h - 6. Suppose 0*m - 7 = -2*x - m, -m = -h*x + 13. Let y(p) = -p**2 + p + 7. Determine y(x).
-13
Let x(g) = -g**3 - 9*g**2 - 8*g + 8. Suppose 0 = 2*r + 10, -10*r + 9*r - 15 = -2*l. Let v(h) = -7*h - h**2 + 2 + 4*h**2 - 2*h**2. Let d be v(l). What is x(d)?
8
Let c = 59 + -56. Let q(x) = -c*x**2 + 0*x**2 + 50 - x**3 - 48 + 2*x**2 + 2*x. Determine q(-2).
2
Let t(k) be the third derivative of -1/3*k**3 - 1/12*k**4 + 3*k**2 + 0 - k. Determine t(-1).
0
Suppose 4*p = 3*t - 0*t + 106, -t - 40 = p. Let k = 38 + t. Suppose -2*m - 2*d + 22 = -k*d, -3*d - 31 = -5*m. Let c(o) = -o + 5. Give c(m).
-3
Suppose -12*b + 9 = -9*b. Suppose 0 = 2*l - 0*l - 4*k + 14, -12 = -b*k. Let m(t) = 5 + 15*t**2 + l - 4 - 1. What is m(-1)?
16
Let d(f) = -f - 5. Let a(v) be the third derivative of 5*v**4/24 - 46*v**3/3 - 38*v**2. Let z be a(17). Determine d(z).
2
Let u(d) = -d**2 - 2*d + 5. Let p be -1 - 0 - (-39 - -43). Let f be (5 + -6)*(p + 2) + -3. Calculate u(f).
5
Let m(d) = 9*d - 45. Let i = -1236 + 1242. Calculate m(i).
9
Let w(x) = 7*x + 29. Suppose 0 = -3*c + 4*r - 44, -c - r - 441 = -445. Determine w(c).
1
Let h(j) = -417 + 206 - 2*j - j**2 + 207 - 8*j. Let p(g) = -g**3 + g**2 + 8*g + 3. Let i(d) = 4*h(d) + 5*p(d). What is i(-1)?
5
Let z(g) = g**2 - g - 1. Let x(b) = b**2 - b - 4. Let y(c) = x(c) - 3*z(c). Let o be (12 + 3 - (13 + 0)) + 6*(-5)/(-15). Determine y(o).
-25
Let v(i) = 15 + 16 + 16*i - i**2 - 1 - 8. Let r = 71 - 54. Let l be v(r). Let h(u) = -u**2 + 2*u + 7. Calculate h(l).
-8
Let g(r) = -r**2 + 11*r - 6. Let j(u) = -u**3 - 15*u**2 + 11*u + 15. Let c be j(-15). Let y be 26/169 - c/39. What is g(y)?
22
Let s(v) = -2*v**3 + 19*v**2 + v + 4. Let h(l) = 3*l**3 - 22*l**2 - l - 5. Let q(p) = 6*h(p) + 7*s(p). Calculate q(2).
36
Let f(c) = -c**2 + 1. Let j(w) = -6*w**2 + 6*w + 1. Let k(a) = 3*f(a) - j(a). Let h be 3 - 28/8 - 9*(-95)/342. Determine k(h).
2
Let v(o) = 3*o - 4. Let q be ((-15)/6)/(3/6). Let u(t) = 7*t + 38. Let l be u(q). Determine v(l).
5
Let z(k) = 40 - 12*k - 11*k - 77 - 362. Let j be z(-17). Let b(h) = -2*h - 7. What is b(j)?
9
Let w(s) = 3*s + 1. Let q(u) = -12 - 14 - 14 + 38. Let p(r) = -2*q(r) + w(r). Give p(5).
20
Suppose 4*k - 13*o + 6 + 34 = 0, -13 = -3*k - o. Let d(y) be the third derivative of -y**5/60 + 5*y**4/24 - 2*y**3/3 + 2*y**2. Give d(k).
2
Let c(p) = 2*p**2 - 88*p + 966. Let n be c(19). Let w(g) = -g**2 + 7*g + 48. Calculate w(n).
-96
Let n(u) = u**3 - 24*u**2 - 7*u + 167. Let w be n(24). Let d(j) be the second derivative of -39*j**5/20 - j**4/6 + j**2/2 + j. Give d(w).
38
Let s = -54 - -52. Let z = s - -35. Suppose 0 = 10*d + 17 + z. Let p(x) = -5*x - 5. Calculate p(d).
20
Let x(w) be the first derivative of -w**3/3 + w**2 - 5*w + 1725. What is x(2)?
-5
Let p(l) = 3*l**2 - 2. Let v(y) = 3*y**2 - 7*y + 4. Let o be v(2). Let w = o - -3. Suppose 0*i + w*i = 10. What is p(i)?
10
Let y(c) = -2*c**3 + 0*c**3 - 3*c - 12*c**3 - 197 + 199. What is y(1)?
-15
Let y(t) = t**2 + 8*t + 6. Let w = -39 + 41. Let f(q) = 4*q**2 + 3 - 3*q**w + 6*q + 0*q**2. Let n be f(-3). Determine y(n).
-6
Let o = -178 + 180. Let x(q) = 7 + 4*q + 472*q**2 + 0*q - 473*q**o - 2*q. Give x(6).
-17
Let w(f) = 9*f**2 - 7*f**2 + f - 67 + 65. Suppose -64 - 2 = -6*c. Suppose c = -5*u + 1. What is w(u)?
4
Let m(j) = -4 - 8 - 4*j + 8 - j**2. Let i be (8/3)/((-1)/(-6)). Suppose 4*q + 0*q + i = 0. Calculate m(q).
-4
Let o(z) be the second derivative of 1/3*z**4 - z**2 + 0 + 1/20*z**5 + 114*z - 1/3*z**3. Let y(r) = -r**3 - 5*r**2 - 2*r + 5. Let c be y(-4). What is o(c)?
13
Suppose -20168*c - 112 - 284 = -20124*c. Let p(n) = -n**2 + n + 1. Let z(y) = 5*y**2 - 16*y - 17. Let v(m) = -6*p(m) - z(m). Calculate v(c).
2
Let x(v) = 3*v + 4. Let d(z) = -2*z + 4*z - 4 + 2 - 5*z. Let m(t) = -3*d(t) - 2*x(t). Give m(5).
13
Let l(v) = 2*v**3 - 33*v**2 + 14*v + 23. Suppose 4*m + 19 = f + 89, -2 = -2*m - 5*f. Calculate l(m).
-9
Let a be ((-39)/9 - -5)*8/((-64)/(-6)). Let k(s) be the first derivative of -2*s + 17 - a*s**2. Give k(-4).
2
Let t(o) = -o**3 + 18*o**2 - 33*o + 18. Let y be t(16). Let i(s) = -s**y - 5 - 6 - 2 + 5 - 9*s. What is i(-7)?
6
Let g be 44/(-22) + 3 - -11*2. Let b(i) = 3*i - 53. Determine b(g).
16
Let b = -734 - -737. Let d(y) = 10 - y**3 + 12 + 0*y**b - 2*y - 34 + 14. What is d(3)?
-31
Let p(c) = -c**2 - c. Let o(j) = 4*j**2 + 6*j + 4. Let h(m) = -o(m) - 6*p(m). Let z = 569 - 571. D